{"id":8165,"date":"2025-05-31T10:47:24","date_gmt":"2025-05-31T09:47:24","guid":{"rendered":"https:\/\/tablaoflamencogranada.com\/how-to-get-to-our-tablao"},"modified":"2025-06-05T22:35:37","modified_gmt":"2025-06-05T21:35:37","slug":"how-to-get-to-our-tablao","status":"publish","type":"page","link":"https:\/\/tablaoflamencogranada.com\/en\/how-to-get-to-our-tablao","title":{"rendered":"How to get to our Tablao"},"content":{"rendered":"\t\t<div data-elementor-type=\"wp-page\" data-elementor-id=\"8165\" class=\"elementor elementor-8165 elementor-8129\" data-elementor-post-type=\"page\">\n\t\t\t\t<div class=\"elementor-element elementor-element-4d51d1f e-flex e-con-boxed e-con e-parent\" data-id=\"4d51d1f\" data-element_type=\"container\" data-settings=\"{&quot;background_background&quot;:&quot;classic&quot;}\">\n\t\t\t\t\t<div class=\"e-con-inner\">\n\t\t\t\t<div class=\"elementor-element elementor-element-9a8b027 elementor-widget elementor-widget-breadcrumbs\" data-id=\"9a8b027\" data-element_type=\"widget\" data-widget_type=\"breadcrumbs.default\">\n\t\t\t\t<div class=\"elementor-widget-container\">\n\t\t\t\t\t<nav aria-label=\"breadcrumbs\" class=\"rank-math-breadcrumb\"><p><span class=\"last\">Inicio<\/span><\/p><\/nav>\t\t\t\t<\/div>\n\t\t\t\t<\/div>\n\t\t\t\t<div class=\"elementor-element elementor-element-7ca18c5 elementor-widget elementor-widget-heading\" data-id=\"7ca18c5\" data-element_type=\"widget\" data-widget_type=\"heading.default\">\n\t\t\t\t\t<h1 class=\"elementor-heading-title elementor-size-default\">How to Get to Our Tablao<\/h1>\t\t\t\t<\/div>\n\t\t\t\t\t<\/div>\n\t\t\t\t<\/div>\n\t\t<div class=\"elementor-element elementor-element-ed6d92f e-flex e-con-boxed e-con e-parent\" data-id=\"ed6d92f\" data-element_type=\"container\" data-settings=\"{&quot;background_background&quot;:&quot;classic&quot;}\">\n\t\t\t\t\t<div class=\"e-con-inner\">\n\t\t\t\t<div class=\"elementor-element elementor-element-ae5147d elementor-widget elementor-widget-text-editor\" data-id=\"ae5147d\" data-element_type=\"widget\" data-widget_type=\"text-editor.default\">\n\t\t\t\t\t\t\t\t\t<p>Our tablao is located <strong>in the heart of Mirador San Crist\u00f3bal<\/strong>, specifically at Carretera de Murcia SN. Here, in addition to our flamenco show, you can enjoy wonderful views of the city of Granada and the Alhambra. We have a terrace located on the roof of the building where we offer a panoramic view of Granada that you can enjoy while having a refreshment or drink.   <\/p><p>Below we provide some directions to easily reach us from different reference points:<\/p>\t\t\t\t\t\t\t\t<\/div>\n\t\t\t\t<div class=\"elementor-element elementor-element-70c11f1 elementor-widget elementor-widget-google_maps\" data-id=\"70c11f1\" data-element_type=\"widget\" data-widget_type=\"google_maps.default\">\n\t\t\t\t\t\t\t<div class=\"elementor-custom-embed\">\n\t\t\t<iframe loading=\"lazy\"\n\t\t\t\t\tsrc=\"https:\/\/maps.google.com\/maps?q=Tablao%20flamenco%20albayzin&#038;t=m&#038;z=10&#038;output=embed&#038;iwloc=near\"\n\t\t\t\t\ttitle=\"Tablao flamenco albayzin\"\n\t\t\t\t\taria-label=\"Tablao flamenco albayzin\"\n\t\t\t><\/iframe>\n\t\t<\/div>\n\t\t\t\t\t\t<\/div>\n\t\t<div class=\"elementor-element elementor-element-8540f93 e-con-full e-flex e-con e-child\" data-id=\"8540f93\" data-element_type=\"container\">\n\t\t<div class=\"elementor-element elementor-element-d55136a e-con-full e-flex e-con e-child\" data-id=\"d55136a\" data-element_type=\"container\" data-settings=\"{&quot;background_background&quot;:&quot;classic&quot;}\">\n\t\t\t\t<div class=\"elementor-element elementor-element-c63e0a1 elementor-widget elementor-widget-heading\" data-id=\"c63e0a1\" data-element_type=\"widget\" data-widget_type=\"heading.default\">\n\t\t\t\t\t<h2 class=\"elementor-heading-title elementor-size-default\">From Plaza Nueva<\/h2>\t\t\t\t<\/div>\n\t\t<div class=\"elementor-element elementor-element-09a5288 e-con-full e-flex e-con e-child\" data-id=\"09a5288\" data-element_type=\"container\">\n\t\t<div class=\"elementor-element elementor-element-e695335 e-con-full e-flex e-con e-child\" data-id=\"e695335\" data-element_type=\"container\">\n\t\t\t\t<div class=\"elementor-element elementor-element-5458fea elementor-widget elementor-widget-heading\" data-id=\"5458fea\" data-element_type=\"widget\" data-widget_type=\"heading.default\">\n\t\t\t\t\t<h2 class=\"elementor-heading-title elementor-size-default\">Walking<\/h2>\t\t\t\t<\/div>\n\t\t\t\t<div class=\"elementor-element elementor-element-3993c66 elementor-icon-list--layout-inline elementor-list-item-link-full_width elementor-widget elementor-widget-icon-list\" data-id=\"3993c66\" data-element_type=\"widget\" data-widget_type=\"icon-list.default\">\n\t\t\t\t\t\t\t<ul class=\"elementor-icon-list-items elementor-inline-items\">\n\t\t\t\t\t\t\t<li class=\"elementor-icon-list-item elementor-inline-item\">\n\t\t\t\t\t\t\t\t\t\t\t<span class=\"elementor-icon-list-icon\">\n\t\t\t\t\t\t\t<i aria-hidden=\"true\" class=\"far fa-clock\"><\/i>\t\t\t\t\t\t<\/span>\n\t\t\t\t\t\t\t\t\t\t<span class=\"elementor-icon-list-text\">16 minutes<\/span>\n\t\t\t\t\t\t\t\t\t<\/li>\n\t\t\t\t\t\t\t\t<li class=\"elementor-icon-list-item elementor-inline-item\">\n\t\t\t\t\t\t\t\t\t\t\t<span class=\"elementor-icon-list-icon\">\n\t\t\t\t\t\t\t<i aria-hidden=\"true\" class=\"fas fa-walking\"><\/i>\t\t\t\t\t\t<\/span>\n\t\t\t\t\t\t\t\t\t\t<span class=\"elementor-icon-list-text\">950m<\/span>\n\t\t\t\t\t\t\t\t\t<\/li>\n\t\t\t\t\t\t<\/ul>\n\t\t\t\t\t\t<\/div>\n\t\t\t\t<div class=\"elementor-element elementor-element-6d5fd5c elementor-widget elementor-widget-text-editor\" data-id=\"6d5fd5c\" data-element_type=\"widget\" data-widget_type=\"text-editor.default\">\n\t\t\t\t\t\t\t\t\t<ul>\n  <li>Leave <strong>Plaza Nueva<\/strong> via <strong>Calle C\u00e1rcel Alta<\/strong> and continue straight.<\/li>\n  <li>Continue along <strong>Cuesta de Mara\u00f1as<\/strong>.<\/li>\n  <li>Follow <strong>Carril de la Lona<\/strong>.<\/li>\n  <li>Go down <strong>Cuesta de Alhacaba<\/strong>.<\/li>\n  <li>Take the stairs of <strong>Cuesta de San Crist\u00f3bal<\/strong>.<\/li>\n  <li>Turn right onto <strong>Veredilla de San Crist\u00f3bal<\/strong>.<\/li>\n  <li>Arrive at <strong>Plaza Mirador de San Crist\u00f3bal<\/strong>.<\/li>\n  <li>The <strong>Tablao Flamenco Albayz\u00edn<\/strong> is next to the viewpoint.<\/li>\n<\/ul>\t\t\t\t\t\t\t\t<\/div>\n\t\t\t\t<\/div>\n\t\t<div class=\"elementor-element elementor-element-e4228f0 e-con-full e-flex e-con e-child\" data-id=\"e4228f0\" data-element_type=\"container\">\n\t\t\t\t<div class=\"elementor-element elementor-element-a202cdc elementor-widget elementor-widget-heading\" data-id=\"a202cdc\" data-element_type=\"widget\" data-widget_type=\"heading.default\">\n\t\t\t\t\t<h2 class=\"elementor-heading-title elementor-size-default\">By car<\/h2>\t\t\t\t<\/div>\n\t\t\t\t<div class=\"elementor-element elementor-element-f0773d6 elementor-icon-list--layout-inline elementor-list-item-link-full_width elementor-widget elementor-widget-icon-list\" data-id=\"f0773d6\" data-element_type=\"widget\" data-widget_type=\"icon-list.default\">\n\t\t\t\t\t\t\t<ul class=\"elementor-icon-list-items elementor-inline-items\">\n\t\t\t\t\t\t\t<li class=\"elementor-icon-list-item elementor-inline-item\">\n\t\t\t\t\t\t\t\t\t\t\t<span class=\"elementor-icon-list-icon\">\n\t\t\t\t\t\t\t<i aria-hidden=\"true\" class=\"far fa-clock\"><\/i>\t\t\t\t\t\t<\/span>\n\t\t\t\t\t\t\t\t\t\t<span class=\"elementor-icon-list-text\">16 minutes<\/span>\n\t\t\t\t\t\t\t\t\t<\/li>\n\t\t\t\t\t\t\t\t<li class=\"elementor-icon-list-item elementor-inline-item\">\n\t\t\t\t\t\t\t\t\t\t\t<span class=\"elementor-icon-list-icon\">\n\t\t\t\t\t\t\t<i aria-hidden=\"true\" class=\"fas fa-parking\"><\/i>\t\t\t\t\t\t<\/span>\n\t\t\t\t\t\t\t\t\t\t<span class=\"elementor-icon-list-text\">Parking Available<\/span>\n\t\t\t\t\t\t\t\t\t<\/li>\n\t\t\t\t\t\t<\/ul>\n\t\t\t\t\t\t<\/div>\n\t\t\t\t<div class=\"elementor-element elementor-element-140d2e8 elementor-widget elementor-widget-text-editor\" data-id=\"140d2e8\" data-element_type=\"widget\" data-widget_type=\"text-editor.default\">\n\t\t\t\t\t\t\t\t\t<ul><li>From Plaza Nueva, head towards Calle C\u00e1rcel Baja and turn right onto Gran V\u00eda de Col\u00f3n.<\/li><li>Head towards Albaic\u00edn via Cervezas Alhambra in the direction of Carretera de Murcia.<\/li><li>Park in the \u201cSan Crist\u00f3bal\u201d parking lot. <\/li><li>We are right across the street. <\/li><\/ul>\t\t\t\t\t\t\t\t<\/div>\n\t\t\t\t<\/div>\n\t\t<div class=\"elementor-element elementor-element-0dc104e e-con-full e-flex e-con e-child\" data-id=\"0dc104e\" data-element_type=\"container\">\n\t\t\t\t<div class=\"elementor-element elementor-element-fadd73c elementor-widget elementor-widget-heading\" data-id=\"fadd73c\" data-element_type=\"widget\" data-widget_type=\"heading.default\">\n\t\t\t\t\t<h2 class=\"elementor-heading-title elementor-size-default\">By bus<\/h2>\t\t\t\t<\/div>\n\t\t\t\t<div class=\"elementor-element elementor-element-fddb5c1 elementor-icon-list--layout-inline elementor-list-item-link-full_width elementor-widget elementor-widget-icon-list\" data-id=\"fddb5c1\" data-element_type=\"widget\" data-widget_type=\"icon-list.default\">\n\t\t\t\t\t\t\t<ul class=\"elementor-icon-list-items elementor-inline-items\">\n\t\t\t\t\t\t\t<li class=\"elementor-icon-list-item elementor-inline-item\">\n\t\t\t\t\t\t\t\t\t\t\t<span class=\"elementor-icon-list-icon\">\n\t\t\t\t\t\t\t<i aria-hidden=\"true\" class=\"far fa-clock\"><\/i>\t\t\t\t\t\t<\/span>\n\t\t\t\t\t\t\t\t\t\t<span class=\"elementor-icon-list-text\">8 minutes<\/span>\n\t\t\t\t\t\t\t\t\t<\/li>\n\t\t\t\t\t\t<\/ul>\n\t\t\t\t\t\t<\/div>\n\t\t\t\t<div class=\"elementor-element elementor-element-e0a863c elementor-widget elementor-widget-text-editor\" data-id=\"e0a863c\" data-element_type=\"widget\" data-widget_type=\"text-editor.default\">\n\t\t\t\t\t\t\t\t\t<ul><li>From Plaza Nueva, go to the bus stop at Plaza Nueva and take bus C32 or C34 (these are specific lines for Albaic\u00edn).<\/li><li>Get off at the stop on Carretera de Murcia 47 or 55.<\/li><li>You are less than 90 meters away on foot.<\/li><\/ul>\t\t\t\t\t\t\t\t<\/div>\n\t\t\t\t<\/div>\n\t\t\t\t<\/div>\n\t\t\t\t<\/div>\n\t\t<div class=\"elementor-element elementor-element-e7570b0 e-con-full e-flex e-con e-child\" data-id=\"e7570b0\" data-element_type=\"container\" data-settings=\"{&quot;background_background&quot;:&quot;classic&quot;}\">\n\t\t\t\t<div class=\"elementor-element elementor-element-3e9192c elementor-widget elementor-widget-heading\" data-id=\"3e9192c\" data-element_type=\"widget\" data-widget_type=\"heading.default\">\n\t\t\t\t\t<h2 class=\"elementor-heading-title elementor-size-default\">Other locations<\/h2>\t\t\t\t<\/div>\n\t\t<div class=\"elementor-element elementor-element-14c3c39 e-con-full e-flex e-con e-child\" data-id=\"14c3c39\" data-element_type=\"container\">\n\t\t<div class=\"elementor-element elementor-element-e74f0ba e-con-full e-flex e-con e-child\" data-id=\"e74f0ba\" data-element_type=\"container\">\n\t\t\t\t<div class=\"elementor-element elementor-element-e487773 elementor-widget elementor-widget-heading\" data-id=\"e487773\" data-element_type=\"widget\" data-widget_type=\"heading.default\">\n\t\t\t\t\t<h2 class=\"elementor-heading-title elementor-size-default\">By bus<\/h2>\t\t\t\t<\/div>\n\t\t\t\t<div class=\"elementor-element elementor-element-656cd4e elementor-widget elementor-widget-text-editor\" data-id=\"656cd4e\" data-element_type=\"widget\" data-widget_type=\"text-editor.default\">\n\t\t\t\t\t\t\t\t\t<p>You can easily reach our tablao by bus from almost anywhere in Granada using lines N8 and N9, getting off at the stop on Carretera de Murcia 55, which is at the entrance of our building.<\/p>\t\t\t\t\t\t\t\t<\/div>\n\t\t\t\t<\/div>\n\t\t\t\t<\/div>\n\t\t\t\t<\/div>\n\t\t\t\t<\/div>\n\t\t\t\t\t<\/div>\n\t\t\t\t<\/div>\n\t\t\t\t<\/div>\n\t\t","protected":false},"excerpt":{"rendered":"<p>Inicio How to Get to Our Tablao Our tablao is located in the heart of Mirador San Crist\u00f3bal, specifically at Carretera de Murcia SN. Here, in addition to our flamenco show, you can enjoy wonderful views of the city of Granada and the Alhambra. We have a terrace located on the roof of the building [&hellip;]<\/p>\n","protected":false},"author":1,"featured_media":0,"parent":0,"menu_order":0,"comment_status":"closed","ping_status":"closed","template":"","meta":{"footnotes":""},"class_list":["post-8165","page","type-page","status-publish","hentry"],"_links":{"self":[{"href":"https:\/\/tablaoflamencogranada.com\/en\/wp-json\/wp\/v2\/pages\/8165","targetHints":{"allow":["GET"]}}],"collection":[{"href":"https:\/\/tablaoflamencogranada.com\/en\/wp-json\/wp\/v2\/pages"}],"about":[{"href":"https:\/\/tablaoflamencogranada.com\/en\/wp-json\/wp\/v2\/types\/page"}],"author":[{"embeddable":true,"href":"https:\/\/tablaoflamencogranada.com\/en\/wp-json\/wp\/v2\/users\/1"}],"replies":[{"embeddable":true,"href":"https:\/\/tablaoflamencogranada.com\/en\/wp-json\/wp\/v2\/comments?post=8165"}],"version-history":[{"count":5,"href":"https:\/\/tablaoflamencogranada.com\/en\/wp-json\/wp\/v2\/pages\/8165\/revisions"}],"predecessor-version":[{"id":9008,"href":"https:\/\/tablaoflamencogranada.com\/en\/wp-json\/wp\/v2\/pages\/8165\/revisions\/9008"}],"wp:attachment":[{"href":"https:\/\/tablaoflamencogranada.com\/en\/wp-json\/wp\/v2\/media?parent=8165"}],"curies":[{"name":"wp","href":"https:\/\/api.w.org\/{rel}","templated":true}]}}

<div data-elementor-type="wp-page" data-elementor-id="8165" class="elementor elementor-8165 elementor-8129" data-elementor-post-type="page">
				<div class="elementor-element elementor-element-4d51d1f e-flex e-con-boxed e-con e-parent" data-id="4d51d1f" data-element_type="container" data-settings="{&quot;background_background&quot;:&quot;classic&quot;}">
					<div class="e-con-inner">
				<div class="elementor-element elementor-element-9a8b027 elementor-widget elementor-widget-breadcrumbs" data-id="9a8b027" data-element_type="widget" data-widget_type="breadcrumbs.default">
				<div class="elementor-widget-container">
					<nav aria-label="breadcrumbs" class="rank-math-breadcrumb"><p><span class="last">Inicio</span></p></nav>				</div>
				</div>
				<div class="elementor-element elementor-element-7ca18c5 elementor-widget elementor-widget-heading" data-id="7ca18c5" data-element_type="widget" data-widget_type="heading.default">
					<h1 class="elementor-heading-title elementor-size-default">How to Get to Our Tablao</h1>				</div>
					</div>
				</div>
		<div class="elementor-element elementor-element-ed6d92f e-flex e-con-boxed e-con e-parent" data-id="ed6d92f" data-element_type="container" data-settings="{&quot;background_background&quot;:&quot;classic&quot;}">
					<div class="e-con-inner">
				<div class="elementor-element elementor-element-ae5147d elementor-widget elementor-widget-text-editor" data-id="ae5147d" data-element_type="widget" data-widget_type="text-editor.default">
									<p>Our tablao is located <strong>in the heart of Mirador San Cristóbal</strong>, specifically at Carretera de Murcia SN. Here, in addition to our flamenco show, you can enjoy wonderful views of the city of Granada and the Alhambra. We have a terrace located on the roof of the building where we offer a panoramic view of Granada that you can enjoy while having a refreshment or drink.   </p><p>Below we provide some directions to easily reach us from different reference points:</p>								</div>
				<div class="elementor-element elementor-element-70c11f1 elementor-widget elementor-widget-google_maps" data-id="70c11f1" data-element_type="widget" data-widget_type="google_maps.default">
							<div class="elementor-custom-embed">
			<iframe loading="lazy"
					src="https://maps.google.com/maps?q=Tablao%20flamenco%20albayzin&#038;t=m&#038;z=10&#038;output=embed&#038;iwloc=near"
					title="Tablao flamenco albayzin"
					aria-label="Tablao flamenco albayzin"
			></iframe>
		</div>
						</div>
		<div class="elementor-element elementor-element-8540f93 e-con-full e-flex e-con e-child" data-id="8540f93" data-element_type="container">
		<div class="elementor-element elementor-element-d55136a e-con-full e-flex e-con e-child" data-id="d55136a" data-element_type="container" data-settings="{&quot;background_background&quot;:&quot;classic&quot;}">
				<div class="elementor-element elementor-element-c63e0a1 elementor-widget elementor-widget-heading" data-id="c63e0a1" data-element_type="widget" data-widget_type="heading.default">
					<h2 class="elementor-heading-title elementor-size-default">From Plaza Nueva</h2>				</div>
		<div class="elementor-element elementor-element-09a5288 e-con-full e-flex e-con e-child" data-id="09a5288" data-element_type="container">
		<div class="elementor-element elementor-element-e695335 e-con-full e-flex e-con e-child" data-id="e695335" data-element_type="container">
				<div class="elementor-element elementor-element-5458fea elementor-widget elementor-widget-heading" data-id="5458fea" data-element_type="widget" data-widget_type="heading.default">
					<h2 class="elementor-heading-title elementor-size-default">Walking</h2>				</div>
				<div class="elementor-element elementor-element-3993c66 elementor-icon-list--layout-inline elementor-list-item-link-full_width elementor-widget elementor-widget-icon-list" data-id="3993c66" data-element_type="widget" data-widget_type="icon-list.default">
							<ul class="elementor-icon-list-items elementor-inline-items">
							<li class="elementor-icon-list-item elementor-inline-item">
											<span class="elementor-icon-list-icon">
							<i aria-hidden="true" class="far fa-clock"></i>						</span>
										<span class="elementor-icon-list-text">16 minutes</span>
									</li>
								<li class="elementor-icon-list-item elementor-inline-item">
											<span class="elementor-icon-list-icon">
							<i aria-hidden="true" class="fas fa-walking"></i>						</span>
										<span class="elementor-icon-list-text">950m</span>
									</li>
						</ul>
						</div>
				<div class="elementor-element elementor-element-6d5fd5c elementor-widget elementor-widget-text-editor" data-id="6d5fd5c" data-element_type="widget" data-widget_type="text-editor.default">
									<ul>
  <li>Leave <strong>Plaza Nueva</strong> via <strong>Calle Cárcel Alta</strong> and continue straight.</li>
  <li>Continue along <strong>Cuesta de Marañas</strong>.</li>
  <li>Follow <strong>Carril de la Lona</strong>.</li>
  <li>Go down <strong>Cuesta de Alhacaba</strong>.</li>
  <li>Take the stairs of <strong>Cuesta de San Cristóbal</strong>.</li>
  <li>Turn right onto <strong>Veredilla de San Cristóbal</strong>.</li>
  <li>Arrive at <strong>Plaza Mirador de San Cristóbal</strong>.</li>
  <li>The <strong>Tablao Flamenco Albayzín</strong> is next to the viewpoint.</li>
</ul>								</div>
				</div>
		<div class="elementor-element elementor-element-e4228f0 e-con-full e-flex e-con e-child" data-id="e4228f0" data-element_type="container">
				<div class="elementor-element elementor-element-a202cdc elementor-widget elementor-widget-heading" data-id="a202cdc" data-element_type="widget" data-widget_type="heading.default">
					<h2 class="elementor-heading-title elementor-size-default">By car</h2>				</div>
				<div class="elementor-element elementor-element-f0773d6 elementor-icon-list--layout-inline elementor-list-item-link-full_width elementor-widget elementor-widget-icon-list" data-id="f0773d6" data-element_type="widget" data-widget_type="icon-list.default">
							<ul class="elementor-icon-list-items elementor-inline-items">
							<li class="elementor-icon-list-item elementor-inline-item">
											<span class="elementor-icon-list-icon">
							<i aria-hidden="true" class="far fa-clock"></i>						</span>
										<span class="elementor-icon-list-text">16 minutes</span>
									</li>
								<li class="elementor-icon-list-item elementor-inline-item">
											<span class="elementor-icon-list-icon">
							<i aria-hidden="true" class="fas fa-parking"></i>						</span>
										<span class="elementor-icon-list-text">Parking Available</span>
									</li>
						</ul>
						</div>
				<div class="elementor-element elementor-element-140d2e8 elementor-widget elementor-widget-text-editor" data-id="140d2e8" data-element_type="widget" data-widget_type="text-editor.default">
									<ul><li>From Plaza Nueva, head towards Calle Cárcel Baja and turn right onto Gran Vía de Colón.</li><li>Head towards Albaicín via Cervezas Alhambra in the direction of Carretera de Murcia.</li><li>Park in the “San Cristóbal” parking lot. </li><li>We are right across the street. </li></ul>								</div>
				</div>
		<div class="elementor-element elementor-element-0dc104e e-con-full e-flex e-con e-child" data-id="0dc104e" data-element_type="container">
				<div class="elementor-element elementor-element-fadd73c elementor-widget elementor-widget-heading" data-id="fadd73c" data-element_type="widget" data-widget_type="heading.default">
					<h2 class="elementor-heading-title elementor-size-default">By bus</h2>				</div>
				<div class="elementor-element elementor-element-fddb5c1 elementor-icon-list--layout-inline elementor-list-item-link-full_width elementor-widget elementor-widget-icon-list" data-id="fddb5c1" data-element_type="widget" data-widget_type="icon-list.default">
							<ul class="elementor-icon-list-items elementor-inline-items">
							<li class="elementor-icon-list-item elementor-inline-item">
											<span class="elementor-icon-list-icon">
							<i aria-hidden="true" class="far fa-clock"></i>						</span>
										<span class="elementor-icon-list-text">8 minutes</span>
									</li>
						</ul>
						</div>
				<div class="elementor-element elementor-element-e0a863c elementor-widget elementor-widget-text-editor" data-id="e0a863c" data-element_type="widget" data-widget_type="text-editor.default">
									<ul><li>From Plaza Nueva, go to the bus stop at Plaza Nueva and take bus C32 or C34 (these are specific lines for Albaicín).</li><li>Get off at the stop on Carretera de Murcia 47 or 55.</li><li>You are less than 90 meters away on foot.</li></ul>								</div>
				</div>
				</div>
				</div>
		<div class="elementor-element elementor-element-e7570b0 e-con-full e-flex e-con e-child" data-id="e7570b0" data-element_type="container" data-settings="{&quot;background_background&quot;:&quot;classic&quot;}">
				<div class="elementor-element elementor-element-3e9192c elementor-widget elementor-widget-heading" data-id="3e9192c" data-element_type="widget" data-widget_type="heading.default">
					<h2 class="elementor-heading-title elementor-size-default">Other locations</h2>				</div>
		<div class="elementor-element elementor-element-14c3c39 e-con-full e-flex e-con e-child" data-id="14c3c39" data-element_type="container">
		<div class="elementor-element elementor-element-e74f0ba e-con-full e-flex e-con e-child" data-id="e74f0ba" data-element_type="container">
				<div class="elementor-element elementor-element-e487773 elementor-widget elementor-widget-heading" data-id="e487773" data-element_type="widget" data-widget_type="heading.default">
					<h2 class="elementor-heading-title elementor-size-default">By bus</h2>				</div>
				<div class="elementor-element elementor-element-656cd4e elementor-widget elementor-widget-text-editor" data-id="656cd4e" data-element_type="widget" data-widget_type="text-editor.default">
									<p>You can easily reach our tablao by bus from almost anywhere in Granada using lines N8 and N9, getting off at the stop on Carretera de Murcia 55, which is at the entrance of our building.</p>								</div>
				</div>
				</div>
				</div>
				</div>
					</div>
				</div>
				</div>

<p>Inicio How to Get to Our Tablao Our tablao is located in the heart of Mirador San Cristóbal, specifically at Carretera de Murcia SN. Here, in addition to our flamenco show, you can enjoy wonderful views of the city of Granada and the Alhambra. We have a terrace located on the roof of the building [&hellip;]</p>
