{"id":13252,"date":"2023-02-14T22:31:26","date_gmt":"2023-02-14T21:31:26","guid":{"rendered":"https:\/\/tablaoflamencogranada.com\/politica-de-privacidade"},"modified":"2025-08-11T19:49:24","modified_gmt":"2025-08-11T18:49:24","slug":"politica-de-privacidade","status":"publish","type":"page","link":"https:\/\/tablaoflamencogranada.com\/pt\/politica-de-privacidade","title":{"rendered":"Pol\u00edtica de Privacidade"},"content":{"rendered":"\n<p>Em cumprimento do artigo 10.\u00ba da Lei 34\/2002, de 11 de julho, sobre servi\u00e7os da Sociedade da Informa\u00e7\u00e3o<\/p>\n\n<p>e Com\u00e9rcio Eletr\u00f3nico (LSSICE), apresentam-se em seguida os dados identificativos da empresa.<\/p>\n\n<p>Pol\u00edtica de Privacidade para gest\u00e3o de reservas de servi\u00e7os<\/p>\n\n<p>Em seguida, explicamos como tratamos os seus dados pessoais quando solicita a reserva de um servi\u00e7o. Pode obter mais informa\u00e7\u00f5es consultando a nossa <a href=\"https:\/\/www.mireservaonline.es\/es\/info\/politica-de-privacidad.aspx\" target=\"_blank\" rel=\"noopener\">Pol\u00edtica de privacidade<\/a> global. <\/p>\n\n<p><br\/><strong>Quem somos<\/strong><\/p>\n\n<p>O respons\u00e1vel pelo tratamento dos dados pessoais que nos faculta \u00e9 a Zambra los Amayas S.L., com N.I.F. B93584043, com domic\u00edlio em Carretera de Murcia s\/n. Mirador de San Cristobal (Albaicin), 18010 GRANADA. Telefone de contacto <a href=\"tel:0034636575125\">636575125 <\/a>e endere\u00e7o de correio eletr\u00f3nico <a href=\"mailto:tablao-albayzin@hotmail.com\">tablao-albayzin@hotmail.com<\/a>  <\/p>\n\n<p><br\/><strong>Finalidade da recolha e tratamento de dados pessoais<\/strong><\/p>\n\n<p>Recolhemos e tratamos os seus dados pessoais para gerir os seus pedidos e reservas de servi\u00e7os. Os seus dados ser\u00e3o utilizados para: <\/p>\n\n<p>&#8211; Criar a sua conta de utilizador com a qual poder\u00e1 aceder \u00e0 plataforma.<br\/>&#8211; Agilizar o processo de reserva e pagamento de servi\u00e7os.<br\/>&#8211; Realizar a cobran\u00e7a e fatura\u00e7\u00e3o dos servi\u00e7os contratados, se necess\u00e1rio.<br\/>&#8211; Enviar-lhe comunica\u00e7\u00f5es relativas aos seus pedidos e reservas.<br\/>&#8211; Manter o seu hist\u00f3rico de reservas, pagamentos e ocorr\u00eancias.<br\/>&#8211; Enviar-lhe um inqu\u00e9rito de satisfa\u00e7\u00e3o sobre um servi\u00e7o reservado, se o autorizar no momento de fazer a reserva.<\/p>\n\n<p><br\/><strong>Base jur\u00eddica. Legitimidade <\/strong><\/p>\n\n<p>Esta pol\u00edtica de privacidade cumpre o estabelecido no artigo 13.\u00ba do Regulamento (UE) 2016\/679 do Parlamento Europeu e do Conselho, de 27 de abril de 2016, relativo \u00e0 prote\u00e7\u00e3o das pessoas singulares no que diz respeito ao tratamento de dados pessoais e \u00e0 livre circula\u00e7\u00e3o desses dados (RGPD) e ao artigo 5.\u00ba da Lei Org\u00e2nica 15\/99, de 13 de dezembro, de Prote\u00e7\u00e3o de Dados de Car\u00e1ter Pessoal (LOPD).<\/p>\n\n<p>O tratamento dos seus dados \u00e9 legitimado pela execu\u00e7\u00e3o do contrato que se estabelece quando solicita um servi\u00e7o atrav\u00e9s da nossa plataforma. <\/p>\n\n<p><br\/><strong>Consequ\u00eancias de n\u00e3o facultar os dados<\/strong><\/p>\n\n<p>Quando solicitamos os seus dados, assinalamos com um asterisco aqueles que s\u00e3o estritamente necess\u00e1rios. N\u00e3o \u00e9 obrigado a facultar os dados solicitados, mas, caso n\u00e3o os forne\u00e7a, n\u00e3o poder\u00e1 solicitar nem reservar os servi\u00e7os oferecidos na nossa plataforma. <\/p>\n\n<p><br\/><strong>Proced\u00eancia dos dados pessoais<\/strong><\/p>\n\n<p>Se nos facultar dados de outras pessoas, deve garantir que tem a autoriza\u00e7\u00e3o dessas pessoas para fornecer os seus dados se forem maiores de 14 anos. S\u00f3 pode fornecer dados de menores de 14 anos se for o progenitor ou tutor; ou se tiver o consentimento destes. <\/p>\n\n<p>Para gerir os seus pedidos e reservas, \u00e9 necess\u00e1rio criar uma conta de utilizador na nossa plataforma. Para tal, pode usar um endere\u00e7o de e-mail e uma palavra-passe. Tamb\u00e9m pode identificar-se utilizando a sua conta no Google+ ou Facebook. Nesse caso, estas empresas atuam como \u201cfornecedores de identifica\u00e7\u00e3o\u201d. Se utilizar esta possibilidade, o fornecedor escolhido inform\u00e1-lo-\u00e1 dos dados de que a MiReservaOnline necessita e dever\u00e1 autorizar esse acesso. Os dados pessoais que obtemos atrav\u00e9s destes fornecedores s\u00e3o:      <\/p>\n\n<p>&#8211; Um identificador \u00fanico da sua conta no fornecedor. Ou seja, uma s\u00e9rie de letras e n\u00fameros que o identificam perante o fornecedor. <br\/>&#8211; O seu nome e apelidos.<br\/>&#8211; O seu e-mail.<\/p>\n\n<p>Os dados obtidos destes fornecedores ser\u00e3o copiados para a sua conta de utilizador na MiReservaOnline. Pode revogar em qualquer momento o acesso da MiReservaOnline aos seus dados pessoais nestes fornecedores de identifica\u00e7\u00e3o. Nesse caso, n\u00e3o poder\u00e1 aceder \u00e0 MiReservaOnline utilizando a sua conta nesse fornecedor. Revogar o acesso da MiReservaOnline aos seus dados atrav\u00e9s de um fornecedor de autentica\u00e7\u00e3o n\u00e3o elimina a sua conta de utilizador na MiReservaOnline nem os dados obtidos previamente.    <\/p>\n\n<p><br\/><strong>Prazo de conserva\u00e7\u00e3o dos seus dados<\/strong><\/p>\n\n<p>Os seus dados ser\u00e3o conservados enquanto durar a rela\u00e7\u00e3o contratual e comercial estabelecida e, posteriormente, durante os prazos estabelecidos legalmente para a resolu\u00e7\u00e3o de poss\u00edveis responsabilidades decorrentes da mesma.<\/p>\n\n<p>Os dados relativos a pagamentos e fatura\u00e7\u00e3o ser\u00e3o conservados durante os prazos estabelecidos na legisla\u00e7\u00e3o correspondente em mat\u00e9ria econ\u00f3mica, contabil\u00edstica e fiscal.<\/p>\n\n<p><br\/><strong>Destinat\u00e1rios dos seus dados pessoais<\/strong><\/p>\n\n<p>Quando contrata um servi\u00e7o, comunicamos alguns dos seus dados pessoais \u00e0 empresa que presta esse servi\u00e7o. Apenas comunicamos os dados de que a empresa necessita para prestar o servi\u00e7o e para entrar em contacto consigo em rela\u00e7\u00e3o ao servi\u00e7o contratado. <\/p>\n\n<p>Todas as empresas que oferecem servi\u00e7os na nossa plataforma est\u00e3o sujeitas \u00e0 legisla\u00e7\u00e3o europeia e regem-se pelas mesmas normas em mat\u00e9ria de prote\u00e7\u00e3o de dados que a MiReservaOnline. Por conseguinte, comprometem-se a usar os seus dados pessoais unicamente com a finalidade para a qual os facultou. <\/p>\n\n<p>Para saber que empresa oferece um servi\u00e7o concreto, pode consultar a sec\u00e7\u00e3o \u201cQuem somos\u201d, dentro da sec\u00e7\u00e3o \u201cMais informa\u00e7\u00f5es\u201d, na p\u00e1gina do servi\u00e7o em MiReservaOnline.es. Tamb\u00e9m ser\u00e1 informado sobre a empresa que oferece um servi\u00e7o, uma vez contratado, no voucher de confirma\u00e7\u00e3o da sua reserva. <\/p>\n\n<p>Os seus dados tamb\u00e9m ser\u00e3o comunicados quando necess\u00e1rio para o cumprimento da rela\u00e7\u00e3o contratual estabelecida e nos casos previstos legalmente. Em alguns casos, os seus dados poder\u00e3o ser facultados \u00e0s for\u00e7as de seguran\u00e7a quando tal for legalmente exigido. Os dados referentes \u00e0 fatura\u00e7\u00e3o devem ser comunicados, por imperativo legal, \u00e0 Administra\u00e7\u00e3o Tribut\u00e1ria.  <\/p>\n\n<p>Se pagar um servi\u00e7o utilizando alguma das formas de pagamento oferecidas pela plataforma e, posteriormente, anular esse pagamento contrariando a pol\u00edtica de cancelamento do servi\u00e7o, que aceitou ao reservar, a MiReservaOnline reclamar\u00e1 \u00e0 entidade com a qual foi realizado o pagamento o montante indicado na pol\u00edtica de cancelamento do servi\u00e7o. Nesse processo, \u00e9 poss\u00edvel que a entidade financeira nos solicite, e n\u00f3s lhe forne\u00e7amos, informa\u00e7\u00f5es sobre a sua identidade e outros dados que comprovem o servi\u00e7o contratado, o seu pagamento e usufruto. <\/p>\n\n<p>N\u00e3o est\u00e3o previstas transfer\u00eancias internacionais de dados. Caso existam, ser\u00e3o sempre efetuadas com os fins indicados anteriormente e com as garantias exigidas pela legisla\u00e7\u00e3o da Uni\u00e3o Europeia. Neste sentido, apenas ser\u00e3o transferidos dados para entidades sediadas na Uni\u00e3o Europeia, entidades aderentes ao acordo EU-US Privacy Shield ou acordos equivalentes que garantam o tratamento de dados pessoais de forma equivalente ao estabelecido na Uni\u00e3o Europeia.  <\/p>\n\n<p><br\/><strong>Direitos e reclama\u00e7\u00e3o \u00e0 autoridade de controlo<\/strong><\/p>\n\n<p>Pode exercer os direitos de acesso, retifica\u00e7\u00e3o, supress\u00e3o, limita\u00e7\u00e3o e oposi\u00e7\u00e3o enviando um e-mail para info@mireservaonline.es com o assunto \u201cProte\u00e7\u00e3o de dados\u201d. Tamb\u00e9m pode faz\u00ea-lo enviando um escrito para: Area25 IT. Calle El Purche 6, 2\u00ba A. 18008 Granada, Espanha.<br\/>Em ambos os casos, deve enviar uma c\u00f3pia de um documento que comprove a sua identidade.  <\/p>\n\n<p>Tem direito \u00e0 portabilidade dos seus dados, ou seja, a que lhe sejam entregues em formato estruturado, de uso comum e leitura mec\u00e2nica; inclusive a remet\u00ea-los a um novo respons\u00e1vel, se assim o desejar.<\/p>\n\n<p>Al\u00e9m disso, pode apresentar uma reclama\u00e7\u00e3o \u00e0 Autoridade de Controlo em mat\u00e9ria de Prote\u00e7\u00e3o de Dados competente, especialmente se n\u00e3o tiver obtido satisfa\u00e7\u00e3o no exerc\u00edcio dos seus direitos. Para tal, deve dirigir-se \u00e0 Ag\u00eancia Espanhola de Prote\u00e7\u00e3o de Dados: Calle Jorge Juan 6, 28001 Madrid. Tamb\u00e9m pode faz\u00ea-lo acedendo \u00e0 sua sede eletr\u00f3nica atrav\u00e9s do site https:\/\/www.agpd.es  <\/p>\n","protected":false},"excerpt":{"rendered":"<p>Em cumprimento do artigo 10.\u00ba da Lei 34\/2002, de 11 de julho, sobre servi\u00e7os da Sociedade da Informa\u00e7\u00e3o e Com\u00e9rcio Eletr\u00f3nico (LSSICE), apresentam-se em seguida os dados identificativos da empresa. Pol\u00edtica de Privacidade para gest\u00e3o de reservas de servi\u00e7os Em seguida, explicamos como tratamos os seus dados pessoais quando solicita a reserva de um servi\u00e7o. [&hellip;]<\/p>\n","protected":false},"author":1,"featured_media":0,"parent":0,"menu_order":0,"comment_status":"closed","ping_status":"open","template":"","meta":{"footnotes":""},"class_list":["post-13252","page","type-page","status-publish","hentry"],"_links":{"self":[{"href":"https:\/\/tablaoflamencogranada.com\/pt\/wp-json\/wp\/v2\/pages\/13252","targetHints":{"allow":["GET"]}}],"collection":[{"href":"https:\/\/tablaoflamencogranada.com\/pt\/wp-json\/wp\/v2\/pages"}],"about":[{"href":"https:\/\/tablaoflamencogranada.com\/pt\/wp-json\/wp\/v2\/types\/page"}],"author":[{"embeddable":true,"href":"https:\/\/tablaoflamencogranada.com\/pt\/wp-json\/wp\/v2\/users\/1"}],"replies":[{"embeddable":true,"href":"https:\/\/tablaoflamencogranada.com\/pt\/wp-json\/wp\/v2\/comments?post=13252"}],"version-history":[{"count":1,"href":"https:\/\/tablaoflamencogranada.com\/pt\/wp-json\/wp\/v2\/pages\/13252\/revisions"}],"predecessor-version":[{"id":13254,"href":"https:\/\/tablaoflamencogranada.com\/pt\/wp-json\/wp\/v2\/pages\/13252\/revisions\/13254"}],"wp:attachment":[{"href":"https:\/\/tablaoflamencogranada.com\/pt\/wp-json\/wp\/v2\/media?parent=13252"}],"curies":[{"name":"wp","href":"https:\/\/api.w.org\/{rel}","templated":true}]}}

Política de Privacidade

<p>Em cumprimento do artigo 10.º da Lei 34/2002, de 11 de julho, sobre serviços da Sociedade da Informação</p>

<p>e Comércio Eletrónico (LSSICE), apresentam-se em seguida os dados identificativos da empresa.</p>

<p>Política de Privacidade para gestão de reservas de serviços</p>

<p>Em seguida, explicamos como tratamos os seus dados pessoais quando solicita a reserva de um serviço. Pode obter mais informações consultando a nossa <a href="https://www.mireservaonline.es/es/info/politica-de-privacidad.aspx" target="_blank" rel="noopener">Política de privacidade</a> global. </p>

<p><br/><strong>Quem somos</strong></p>

<p>O responsável pelo tratamento dos dados pessoais que nos faculta é a Zambra los Amayas S.L., com N.I.F. B93584043, com domicílio em Carretera de Murcia s/n. Mirador de San Cristobal (Albaicin), 18010 GRANADA. Telefone de contacto <a href="tel:0034636575125">636575125 </a>e endereço de correio eletrónico <a href="mailto:tablao-albayzin@hotmail.com">tablao-albayzin@hotmail.com</a>  </p>

<p><br/><strong>Finalidade da recolha e tratamento de dados pessoais</strong></p>

<p>Recolhemos e tratamos os seus dados pessoais para gerir os seus pedidos e reservas de serviços. Os seus dados serão utilizados para: </p>

<p>&#8211; Criar a sua conta de utilizador com a qual poderá aceder à plataforma.<br/>&#8211; Agilizar o processo de reserva e pagamento de serviços.<br/>&#8211; Realizar a cobrança e faturação dos serviços contratados, se necessário.<br/>&#8211; Enviar-lhe comunicações relativas aos seus pedidos e reservas.<br/>&#8211; Manter o seu histórico de reservas, pagamentos e ocorrências.<br/>&#8211; Enviar-lhe um inquérito de satisfação sobre um serviço reservado, se o autorizar no momento de fazer a reserva.</p>

<p><br/><strong>Base jurídica. Legitimidade </strong></p>

<p>Esta política de privacidade cumpre o estabelecido no artigo 13.º do Regulamento (UE) 2016/679 do Parlamento Europeu e do Conselho, de 27 de abril de 2016, relativo à proteção das pessoas singulares no que diz respeito ao tratamento de dados pessoais e à livre circulação desses dados (RGPD) e ao artigo 5.º da Lei Orgânica 15/99, de 13 de dezembro, de Proteção de Dados de Caráter Pessoal (LOPD).</p>

<p>O tratamento dos seus dados é legitimado pela execução do contrato que se estabelece quando solicita um serviço através da nossa plataforma. </p>

<p><br/><strong>Consequências de não facultar os dados</strong></p>

<p>Quando solicitamos os seus dados, assinalamos com um asterisco aqueles que são estritamente necessários. Não é obrigado a facultar os dados solicitados, mas, caso não os forneça, não poderá solicitar nem reservar os serviços oferecidos na nossa plataforma. </p>

<p><br/><strong>Procedência dos dados pessoais</strong></p>

<p>Se nos facultar dados de outras pessoas, deve garantir que tem a autorização dessas pessoas para fornecer os seus dados se forem maiores de 14 anos. Só pode fornecer dados de menores de 14 anos se for o progenitor ou tutor; ou se tiver o consentimento destes. </p>

<p>Para gerir os seus pedidos e reservas, é necessário criar uma conta de utilizador na nossa plataforma. Para tal, pode usar um endereço de e-mail e uma palavra-passe. Também pode identificar-se utilizando a sua conta no Google+ ou Facebook. Nesse caso, estas empresas atuam como “fornecedores de identificação”. Se utilizar esta possibilidade, o fornecedor escolhido informá-lo-á dos dados de que a MiReservaOnline necessita e deverá autorizar esse acesso. Os dados pessoais que obtemos através destes fornecedores são:      </p>

<p>&#8211; Um identificador único da sua conta no fornecedor. Ou seja, uma série de letras e números que o identificam perante o fornecedor. <br/>&#8211; O seu nome e apelidos.<br/>&#8211; O seu e-mail.</p>

<p>Os dados obtidos destes fornecedores serão copiados para a sua conta de utilizador na MiReservaOnline. Pode revogar em qualquer momento o acesso da MiReservaOnline aos seus dados pessoais nestes fornecedores de identificação. Nesse caso, não poderá aceder à MiReservaOnline utilizando a sua conta nesse fornecedor. Revogar o acesso da MiReservaOnline aos seus dados através de um fornecedor de autenticação não elimina a sua conta de utilizador na MiReservaOnline nem os dados obtidos previamente.    </p>

<p><br/><strong>Prazo de conservação dos seus dados</strong></p>

<p>Os seus dados serão conservados enquanto durar a relação contratual e comercial estabelecida e, posteriormente, durante os prazos estabelecidos legalmente para a resolução de possíveis responsabilidades decorrentes da mesma.</p>

<p>Os dados relativos a pagamentos e faturação serão conservados durante os prazos estabelecidos na legislação correspondente em matéria económica, contabilística e fiscal.</p>

<p><br/><strong>Destinatários dos seus dados pessoais</strong></p>

<p>Quando contrata um serviço, comunicamos alguns dos seus dados pessoais à empresa que presta esse serviço. Apenas comunicamos os dados de que a empresa necessita para prestar o serviço e para entrar em contacto consigo em relação ao serviço contratado. </p>

<p>Todas as empresas que oferecem serviços na nossa plataforma estão sujeitas à legislação europeia e regem-se pelas mesmas normas em matéria de proteção de dados que a MiReservaOnline. Por conseguinte, comprometem-se a usar os seus dados pessoais unicamente com a finalidade para a qual os facultou. </p>

<p>Para saber que empresa oferece um serviço concreto, pode consultar a secção “Quem somos”, dentro da secção “Mais informações”, na página do serviço em MiReservaOnline.es. Também será informado sobre a empresa que oferece um serviço, uma vez contratado, no voucher de confirmação da sua reserva. </p>

<p>Os seus dados também serão comunicados quando necessário para o cumprimento da relação contratual estabelecida e nos casos previstos legalmente. Em alguns casos, os seus dados poderão ser facultados às forças de segurança quando tal for legalmente exigido. Os dados referentes à faturação devem ser comunicados, por imperativo legal, à Administração Tributária.  </p>

<p>Se pagar um serviço utilizando alguma das formas de pagamento oferecidas pela plataforma e, posteriormente, anular esse pagamento contrariando a política de cancelamento do serviço, que aceitou ao reservar, a MiReservaOnline reclamará à entidade com a qual foi realizado o pagamento o montante indicado na política de cancelamento do serviço. Nesse processo, é possível que a entidade financeira nos solicite, e nós lhe forneçamos, informações sobre a sua identidade e outros dados que comprovem o serviço contratado, o seu pagamento e usufruto. </p>

<p>Não estão previstas transferências internacionais de dados. Caso existam, serão sempre efetuadas com os fins indicados anteriormente e com as garantias exigidas pela legislação da União Europeia. Neste sentido, apenas serão transferidos dados para entidades sediadas na União Europeia, entidades aderentes ao acordo EU-US Privacy Shield ou acordos equivalentes que garantam o tratamento de dados pessoais de forma equivalente ao estabelecido na União Europeia.  </p>

<p><br/><strong>Direitos e reclamação à autoridade de controlo</strong></p>

<p>Pode exercer os direitos de acesso, retificação, supressão, limitação e oposição enviando um e-mail para info@mireservaonline.es com o assunto “Proteção de dados”. Também pode fazê-lo enviando um escrito para: Area25 IT. Calle El Purche 6, 2º A. 18008 Granada, Espanha.<br/>Em ambos os casos, deve enviar uma cópia de um documento que comprove a sua identidade.  </p>

<p>Tem direito à portabilidade dos seus dados, ou seja, a que lhe sejam entregues em formato estruturado, de uso comum e leitura mecânica; inclusive a remetê-los a um novo responsável, se assim o desejar.</p>

<p>Além disso, pode apresentar uma reclamação à Autoridade de Controlo em matéria de Proteção de Dados competente, especialmente se não tiver obtido satisfação no exercício dos seus direitos. Para tal, deve dirigir-se à Agência Espanhola de Proteção de Dados: Calle Jorge Juan 6, 28001 Madrid. Também pode fazê-lo acedendo à sua sede eletrónica através do site https://www.agpd.es  </p>

<p>Em cumprimento do artigo 10.º da Lei 34/2002, de 11 de julho, sobre serviços da Sociedade da Informação e Comércio Eletrónico (LSSICE), apresentam-se em seguida os dados identificativos da empresa. Política de Privacidade para gestão de reservas de serviços Em seguida, explicamos como tratamos os seus dados pessoais quando solicita a reserva de um serviço. [&hellip;]</p>
